{"id":2704,"date":"2024-09-12T12:42:50","date_gmt":"2024-09-12T10:42:50","guid":{"rendered":"https:\/\/wlkskrakus.pl\/kolarstwo\/?page_id=2704"},"modified":"2024-09-16T13:21:35","modified_gmt":"2024-09-16T11:21:35","slug":"katarzyna-niewiadoma","status":"publish","type":"page","link":"https:\/\/wlkskrakus.pl\/kolarstwo\/nasi-wychowankowie\/katarzyna-niewiadoma\/","title":{"rendered":"Katarzyna Niewiadoma"},"content":{"rendered":"\t\t<div data-elementor-type=\"wp-post\" data-elementor-id=\"2704\" class=\"elementor elementor-2704\">\n\t\t\t\t\t\t\t\t\t<section class=\"elementor-section elementor-top-section elementor-element elementor-element-74ba2fac elementor-section-boxed elementor-section-height-default elementor-section-height-default\" data-id=\"74ba2fac\" data-element_type=\"section\" data-settings=\"{&quot;background_background&quot;:&quot;classic&quot;,&quot;shape_divider_bottom&quot;:&quot;triangle&quot;,&quot;shape_divider_bottom_negative&quot;:&quot;yes&quot;}\">\n\t\t\t\t\t\t\t<div class=\"elementor-background-overlay\"><\/div>\n\t\t\t\t\t\t<div class=\"elementor-shape elementor-shape-bottom\" data-negative=\"true\">\n\t\t\t<svg xmlns=\"http:\/\/www.w3.org\/2000\/svg\" viewBox=\"0 0 1000 100\" preserveAspectRatio=\"none\">\n\t<path class=\"elementor-shape-fill\" d=\"M500.2,94.7L0,0v100h1000V0L500.2,94.7z\"\/>\n<\/svg>\t\t<\/div>\n\t\t\t\t\t<div class=\"elementor-container elementor-column-gap-default\">\n\t\t\t\t\t<div class=\"elementor-column elementor-col-100 elementor-top-column elementor-element elementor-element-23262dea\" data-id=\"23262dea\" data-element_type=\"column\">\n\t\t\t<div class=\"elementor-widget-wrap elementor-element-populated\">\n\t\t\t\t\t\t\t\t<div class=\"elementor-element elementor-element-27af6558 elementor-widget elementor-widget-heading\" data-id=\"27af6558\" data-element_type=\"widget\" data-settings=\"{&quot;_animation&quot;:&quot;none&quot;}\" data-widget_type=\"heading.default\">\n\t\t\t\t<div class=\"elementor-widget-container\">\n\t\t\t<style>\/*! elementor - v3.15.0 - 20-08-2023 *\/\n.elementor-heading-title{padding:0;margin:0;line-height:1}.elementor-widget-heading .elementor-heading-title[class*=elementor-size-]>a{color:inherit;font-size:inherit;line-height:inherit}.elementor-widget-heading .elementor-heading-title.elementor-size-small{font-size:15px}.elementor-widget-heading .elementor-heading-title.elementor-size-medium{font-size:19px}.elementor-widget-heading .elementor-heading-title.elementor-size-large{font-size:29px}.elementor-widget-heading .elementor-heading-title.elementor-size-xl{font-size:39px}.elementor-widget-heading .elementor-heading-title.elementor-size-xxl{font-size:59px}<\/style><h2 class=\"elementor-heading-title elementor-size-default\">Nasi wychowankowie\n<\/h2>\t\t<\/div>\n\t\t\t\t<\/div>\n\t\t\t\t\t<\/div>\n\t\t<\/div>\n\t\t\t\t\t\t\t<\/div>\n\t\t<\/section>\n\t\t\t\t<section class=\"elementor-section elementor-top-section elementor-element elementor-element-6b0c7ec elementor-section-boxed elementor-section-height-default elementor-section-height-default\" data-id=\"6b0c7ec\" data-element_type=\"section\">\n\t\t\t\t\t\t<div class=\"elementor-container elementor-column-gap-default\">\n\t\t\t\t\t<div class=\"elementor-column elementor-col-100 elementor-top-column elementor-element elementor-element-b9cb771\" data-id=\"b9cb771\" data-element_type=\"column\">\n\t\t\t<div class=\"elementor-widget-wrap\">\n\t\t\t\t\t\t\t\t\t<\/div>\n\t\t<\/div>\n\t\t\t\t\t\t\t<\/div>\n\t\t<\/section>\n\t\t\t\t<section class=\"elementor-section elementor-top-section elementor-element elementor-element-8dc6205 elementor-reverse-mobile elementor-section-boxed elementor-section-height-default elementor-section-height-default\" data-id=\"8dc6205\" data-element_type=\"section\" data-settings=\"{&quot;background_background&quot;:&quot;classic&quot;}\">\n\t\t\t\t\t\t\t<div class=\"elementor-background-overlay\"><\/div>\n\t\t\t\t\t\t\t<div class=\"elementor-container elementor-column-gap-no\">\n\t\t\t\t\t<div class=\"elementor-column elementor-col-100 elementor-top-column elementor-element elementor-element-0b0aedc\" data-id=\"0b0aedc\" data-element_type=\"column\">\n\t\t\t<div class=\"elementor-widget-wrap elementor-element-populated\">\n\t\t\t\t\t\t\t\t<section class=\"elementor-section elementor-inner-section elementor-element elementor-element-6cad3d1 elementor-reverse-tablet elementor-section-boxed elementor-section-height-default elementor-section-height-default\" data-id=\"6cad3d1\" data-element_type=\"section\">\n\t\t\t\t\t\t<div class=\"elementor-container elementor-column-gap-default\">\n\t\t\t\t\t<div class=\"elementor-column elementor-col-50 elementor-inner-column elementor-element elementor-element-8e8665b\" data-id=\"8e8665b\" data-element_type=\"column\">\n\t\t\t<div class=\"elementor-widget-wrap elementor-element-populated\">\n\t\t\t\t\t\t\t\t<div class=\"elementor-element elementor-element-4b3340f elementor-widget elementor-widget-image\" data-id=\"4b3340f\" data-element_type=\"widget\" data-widget_type=\"image.default\">\n\t\t\t\t<div class=\"elementor-widget-container\">\n\t\t\t<style>\/*! elementor - v3.15.0 - 20-08-2023 *\/\n.elementor-widget-image{text-align:center}.elementor-widget-image a{display:inline-block}.elementor-widget-image a img[src$=\".svg\"]{width:48px}.elementor-widget-image img{vertical-align:middle;display:inline-block}<\/style>\t\t\t\t\t\t\t\t\t\t\t\t<img decoding=\"async\" width=\"1024\" height=\"683\" src=\"https:\/\/wlkskrakus.pl\/kolarstwo\/wp-content\/uploads\/2024\/09\/458499702_18461000068008264_6199841811417953090_n-1024x683.jpg\" class=\"attachment-large size-large wp-image-2982\" alt=\"458499702 18461000068008264 6199841811417953090 n\" srcset=\"https:\/\/wlkskrakus.pl\/kolarstwo\/wp-content\/uploads\/2024\/09\/458499702_18461000068008264_6199841811417953090_n-1024x683.jpg 1024w, https:\/\/wlkskrakus.pl\/kolarstwo\/wp-content\/uploads\/2024\/09\/458499702_18461000068008264_6199841811417953090_n-300x200.jpg 300w, https:\/\/wlkskrakus.pl\/kolarstwo\/wp-content\/uploads\/2024\/09\/458499702_18461000068008264_6199841811417953090_n-768x512.jpg 768w, https:\/\/wlkskrakus.pl\/kolarstwo\/wp-content\/uploads\/2024\/09\/458499702_18461000068008264_6199841811417953090_n.jpg 1440w\" sizes=\"(max-width: 1024px) 100vw, 1024px\" \/>\t\t\t\t\t\t\t\t\t\t\t\t\t\t\t<\/div>\n\t\t\t\t<\/div>\n\t\t\t\t<div class=\"elementor-element elementor-element-c2e14aa elementor-widget elementor-widget-image\" data-id=\"c2e14aa\" data-element_type=\"widget\" data-widget_type=\"image.default\">\n\t\t\t\t<div class=\"elementor-widget-container\">\n\t\t\t\t\t\t\t\t\t\t\t\t<figure class=\"wp-caption\">\n\t\t\t\t\t\t\t\t\t\t<img decoding=\"async\" width=\"768\" height=\"512\" src=\"https:\/\/wlkskrakus.pl\/kolarstwo\/wp-content\/uploads\/2024\/09\/456053051_18457969168008264_3849417872066515061_n-768x512.jpg\" class=\"attachment-medium_large size-medium_large wp-image-2981\" alt=\"456053051 18457969168008264 3849417872066515061 n\" srcset=\"https:\/\/wlkskrakus.pl\/kolarstwo\/wp-content\/uploads\/2024\/09\/456053051_18457969168008264_3849417872066515061_n-768x512.jpg 768w, https:\/\/wlkskrakus.pl\/kolarstwo\/wp-content\/uploads\/2024\/09\/456053051_18457969168008264_3849417872066515061_n-300x200.jpg 300w, https:\/\/wlkskrakus.pl\/kolarstwo\/wp-content\/uploads\/2024\/09\/456053051_18457969168008264_3849417872066515061_n-1024x683.jpg 1024w, https:\/\/wlkskrakus.pl\/kolarstwo\/wp-content\/uploads\/2024\/09\/456053051_18457969168008264_3849417872066515061_n.jpg 1440w\" sizes=\"(max-width: 768px) 100vw, 768px\" \/>\t\t\t\t\t\t\t\t\t\t\t<figcaption class=\"widget-image-caption wp-caption-text\">Kasia Niewiadoma na najwy\u017cszym podium kobiecego Tour De France <\/figcaption>\n\t\t\t\t\t\t\t\t\t\t<\/figure>\n\t\t\t\t\t\t\t\t\t<\/div>\n\t\t\t\t<\/div>\n\t\t\t\t\t<\/div>\n\t\t<\/div>\n\t\t\t\t<div class=\"elementor-column elementor-col-50 elementor-inner-column elementor-element elementor-element-f5d6f1b\" data-id=\"f5d6f1b\" data-element_type=\"column\">\n\t\t\t<div class=\"elementor-widget-wrap elementor-element-populated\">\n\t\t\t\t\t\t\t\t<div class=\"elementor-element elementor-element-db2f4bf elementor-widget elementor-widget-heading\" data-id=\"db2f4bf\" data-element_type=\"widget\" data-widget_type=\"heading.default\">\n\t\t\t\t<div class=\"elementor-widget-container\">\n\t\t\t<h3 class=\"elementor-heading-title elementor-size-default\">Katarzyna Niewiadoma<\/h3>\t\t<\/div>\n\t\t\t\t<\/div>\n\t\t\t\t<div class=\"elementor-element elementor-element-90971f3 elementor-widget elementor-widget-text-editor\" data-id=\"90971f3\" data-element_type=\"widget\" data-widget_type=\"text-editor.default\">\n\t\t\t\t<div class=\"elementor-widget-container\">\n\t\t\t<style>\/*! elementor - v3.15.0 - 20-08-2023 *\/\n.elementor-widget-text-editor.elementor-drop-cap-view-stacked .elementor-drop-cap{background-color:#69727d;color:#fff}.elementor-widget-text-editor.elementor-drop-cap-view-framed .elementor-drop-cap{color:#69727d;border:3px solid;background-color:transparent}.elementor-widget-text-editor:not(.elementor-drop-cap-view-default) .elementor-drop-cap{margin-top:8px}.elementor-widget-text-editor:not(.elementor-drop-cap-view-default) .elementor-drop-cap-letter{width:1em;height:1em}.elementor-widget-text-editor .elementor-drop-cap{float:left;text-align:center;line-height:1;font-size:50px}.elementor-widget-text-editor .elementor-drop-cap-letter{display:inline-block}<\/style>\t\t\t\t<p>Kasia dokona\u0142a czego\u015b niesamowitego. Wygra\u0142a kobiece Tour De France i zosta\u0142a Mistrzyni\u0105 \u015awiata w kolarstwie gravelowym. Zdoby\u0142a \u017c\u00f3\u0142t\u0105 koszulk\u0119 i utrzyma\u0142a j\u0105, pokaza\u0142a, \u017ce dla niej nie ma rzeczy niemo\u017cliwych.&nbsp;<\/p>\n<p>Gdzie stawia\u0142a swoje pierwsze kroki? Kiedy zaczyna\u0142a swoj\u0105 przygod\u0119 nikt w sekcji kolarskiej nie przypuszcza\u0142, \u017ce na rowerze startowa\u0107 b\u0119d\u0105 kobiety. Do naszego klubu Kasia do\u0142\u0105czy\u0142a dzi\u0119ki naszemu sponsorowi Panu J\u00f3zefowi Olchawie. To on powiedzia\u0142 trenerowi Kl\u0119kowi o Kasi i jej predyspozycjach do sportu. Trener Kl\u0119k na pocz\u0105tku si\u0119 waha\u0142, jednak zgodzi\u0142 si\u0119 przyj\u0105\u0107 jedyn\u0105 dziewczyn\u0119 do klubu i zaprosi\u0142 j\u0105 na zgrupowanie w Rytrze. Obawia\u0142 si\u0119 czy Kasia odnajdzie si\u0119 w\u015br\u00f3d samych ch\u0142opak\u00f3w i sprosta rygorowi treningowemu. Na obozach bowiem nigdy nie by\u0142o lekko. Trener Zbigniew do dzi\u015b wspomina, \u017ce Kasia trenowa\u0142a i rywalizowa\u0142a z innymi jak r\u00f3wny z r\u00f3wnym. Pokaza\u0142a swoj\u0105 warto\u015b\u0107 i wytrwa\u0142o\u015b\u0107. To w\u0142a\u015bnie wtedy trener u\u015bwiadomi\u0142 sobie jak wielki talent trafi\u0142 do klubu.&nbsp;<\/p>\n<p>Kasia szybko sta\u0142a si\u0119 liderk\u0105 i zacz\u0119\u0142a dominowa\u0107 na krajowej scenie. Zdoby\u0142a wiele medali&nbsp; i tytu\u0142y Mistrzyni Polski. Podhalanka sta\u0142a si\u0119 kolarsk\u0105 nadziej\u0105 dla naszego kraju. Dzisiaj wiemy, \u017ce spe\u0142ni\u0142a nasze nadzieje. Kasia podbi\u0142a kobiece kolarstwo i zasz\u0142a na sam szczyt. Jeste\u015bmy dumni, \u017ce mogli\u015bmy wychowa\u0107 tak wy\u015bmienit\u0105 kolark\u0119, obserwowa\u0107 jej rozw\u00f3j i wspiera\u0107 j\u0105 na samym pocz\u0105tku jej kariery.&nbsp;<\/p>\t\t\t\t\t\t<\/div>\n\t\t\t\t<\/div>\n\t\t\t\t\t<\/div>\n\t\t<\/div>\n\t\t\t\t\t\t\t<\/div>\n\t\t<\/section>\n\t\t\t\t\t<\/div>\n\t\t<\/div>\n\t\t\t\t\t\t\t<\/div>\n\t\t<\/section>\n\t\t\t\t\t\t\t<\/div>\n\t\t","protected":false},"excerpt":{"rendered":"<p>Nasi wychowankowie Kasia Niewiadoma na najwy\u017cszym podium kobiecego Tour De France Katarzyna Niewiadoma Kasia dokona\u0142a czego\u015b niesamowitego. Wygra\u0142a kobiece Tour De France i zosta\u0142a Mistrzyni\u0105 \u015awiata w kolarstwie gravelowym. Zdoby\u0142a \u017c\u00f3\u0142t\u0105 koszulk\u0119 i utrzyma\u0142a j\u0105, pokaza\u0142a, \u017ce dla niej nie ma rzeczy niemo\u017cliwych.&nbsp; Gdzie stawia\u0142a swoje pierwsze kroki? Kiedy zaczyna\u0142a swoj\u0105 przygod\u0119 nikt w sekcji &hellip;<\/p>\n<p class=\"read-more\"> <a class=\"\" href=\"https:\/\/wlkskrakus.pl\/kolarstwo\/nasi-wychowankowie\/katarzyna-niewiadoma\/\"> <span class=\"screen-reader-text\">Katarzyna Niewiadoma<\/span> Read More \u00bb<\/a><\/p>\n","protected":false},"author":5,"featured_media":0,"parent":1930,"menu_order":0,"comment_status":"closed","ping_status":"closed","template":"","meta":{"site-sidebar-layout":"no-sidebar","site-content-layout":"page-builder","ast-global-header-display":"","ast-main-header-display":"","ast-hfb-above-header-display":"","ast-hfb-below-header-display":"","ast-hfb-mobile-header-display":"","site-post-title":"disabled","ast-breadcrumbs-content":"","ast-featured-img":"disabled","footer-sml-layout":"","theme-transparent-header-meta":"default","adv-header-id-meta":"","stick-header-meta":"","header-above-stick-meta":"","header-main-stick-meta":"","header-below-stick-meta":"","footnotes":""},"class_list":["post-2704","page","type-page","status-publish","hentry"],"yoast_head":"<!-- This site is optimized with the Yoast SEO plugin v21.1 - https:\/\/yoast.com\/wordpress\/plugins\/seo\/ -->\n<title>Katarzyna Niewiadoma - WLKS KRAKUS SWOSZOWICE<\/title>\n<meta name=\"robots\" content=\"index, follow, max-snippet:-1, max-image-preview:large, max-video-preview:-1\" \/>\n<link rel=\"canonical\" href=\"https:\/\/wlkskrakus.pl\/kolarstwo\/nasi-wychowankowie\/katarzyna-niewiadoma\/\" \/>\n<meta property=\"og:locale\" content=\"pl_PL\" \/>\n<meta property=\"og:type\" content=\"article\" \/>\n<meta property=\"og:title\" content=\"Katarzyna Niewiadoma - WLKS KRAKUS SWOSZOWICE\" \/>\n<meta property=\"og:description\" content=\"Nasi wychowankowie Kasia Niewiadoma na najwy\u017cszym podium kobiecego Tour De France Katarzyna Niewiadoma Kasia dokona\u0142a czego\u015b niesamowitego. Wygra\u0142a kobiece Tour De France i zosta\u0142a Mistrzyni\u0105 \u015awiata w kolarstwie gravelowym. Zdoby\u0142a \u017c\u00f3\u0142t\u0105 koszulk\u0119 i utrzyma\u0142a j\u0105, pokaza\u0142a, \u017ce dla niej nie ma rzeczy niemo\u017cliwych.&nbsp; Gdzie stawia\u0142a swoje pierwsze kroki? Kiedy zaczyna\u0142a swoj\u0105 przygod\u0119 nikt w sekcji &hellip; Katarzyna Niewiadoma Read More \u00bb\" \/>\n<meta property=\"og:url\" content=\"https:\/\/wlkskrakus.pl\/kolarstwo\/nasi-wychowankowie\/katarzyna-niewiadoma\/\" \/>\n<meta property=\"og:site_name\" content=\"WLKS KRAKUS SWOSZOWICE\" \/>\n<meta property=\"article:publisher\" content=\"https:\/\/www.facebook.com\/WLKSKRAKUS\/\" \/>\n<meta property=\"article:modified_time\" content=\"2024-09-16T11:21:35+00:00\" \/>\n<meta property=\"og:image\" content=\"https:\/\/wlkskrakus.pl\/kolarstwo\/wp-content\/uploads\/2024\/09\/458499702_18461000068008264_6199841811417953090_n-1024x683.jpg\" \/>\n<meta name=\"twitter:card\" content=\"summary_large_image\" \/>\n<meta name=\"twitter:label1\" content=\"Szacowany czas czytania\" \/>\n\t<meta name=\"twitter:data1\" content=\"2 minuty\" \/>\n<script type=\"application\/ld+json\" class=\"yoast-schema-graph\">{\"@context\":\"https:\/\/schema.org\",\"@graph\":[{\"@type\":\"WebPage\",\"@id\":\"https:\/\/wlkskrakus.pl\/kolarstwo\/nasi-wychowankowie\/katarzyna-niewiadoma\/\",\"url\":\"https:\/\/wlkskrakus.pl\/kolarstwo\/nasi-wychowankowie\/katarzyna-niewiadoma\/\",\"name\":\"Katarzyna Niewiadoma - WLKS KRAKUS SWOSZOWICE\",\"isPartOf\":{\"@id\":\"https:\/\/wlkskrakus.pl\/kolarstwo\/#website\"},\"datePublished\":\"2024-09-12T10:42:50+00:00\",\"dateModified\":\"2024-09-16T11:21:35+00:00\",\"breadcrumb\":{\"@id\":\"https:\/\/wlkskrakus.pl\/kolarstwo\/nasi-wychowankowie\/katarzyna-niewiadoma\/#breadcrumb\"},\"inLanguage\":\"pl-PL\",\"potentialAction\":[{\"@type\":\"ReadAction\",\"target\":[\"https:\/\/wlkskrakus.pl\/kolarstwo\/nasi-wychowankowie\/katarzyna-niewiadoma\/\"]}]},{\"@type\":\"BreadcrumbList\",\"@id\":\"https:\/\/wlkskrakus.pl\/kolarstwo\/nasi-wychowankowie\/katarzyna-niewiadoma\/#breadcrumb\",\"itemListElement\":[{\"@type\":\"ListItem\",\"position\":1,\"name\":\"Strona g\u0142\u00f3wna\",\"item\":\"https:\/\/wlkskrakus.pl\/kolarstwo\/\"},{\"@type\":\"ListItem\",\"position\":2,\"name\":\"Nasi wychowankowie\",\"item\":\"https:\/\/wlkskrakus.pl\/kolarstwo\/nasi-wychowankowie\/\"},{\"@type\":\"ListItem\",\"position\":3,\"name\":\"Katarzyna Niewiadoma\"}]},{\"@type\":\"WebSite\",\"@id\":\"https:\/\/wlkskrakus.pl\/kolarstwo\/#website\",\"url\":\"https:\/\/wlkskrakus.pl\/kolarstwo\/\",\"name\":\"WLKS KRAKUS SWOSZOWICE\",\"description\":\"SEKCJA KOLARSKA\",\"publisher\":{\"@id\":\"https:\/\/wlkskrakus.pl\/kolarstwo\/#organization\"},\"potentialAction\":[{\"@type\":\"SearchAction\",\"target\":{\"@type\":\"EntryPoint\",\"urlTemplate\":\"https:\/\/wlkskrakus.pl\/kolarstwo\/?s={search_term_string}\"},\"query-input\":\"required name=search_term_string\"}],\"inLanguage\":\"pl-PL\"},{\"@type\":\"Organization\",\"@id\":\"https:\/\/wlkskrakus.pl\/kolarstwo\/#organization\",\"name\":\"WLKS KRAKUS SWOSZOWICE\",\"url\":\"https:\/\/wlkskrakus.pl\/kolarstwo\/\",\"logo\":{\"@type\":\"ImageObject\",\"inLanguage\":\"pl-PL\",\"@id\":\"https:\/\/wlkskrakus.pl\/kolarstwo\/#\/schema\/logo\/image\/\",\"url\":\"https:\/\/wlkskrakus.pl\/kolarstwo\/wp-content\/uploads\/2023\/03\/cropped-logo.png\",\"contentUrl\":\"https:\/\/wlkskrakus.pl\/kolarstwo\/wp-content\/uploads\/2023\/03\/cropped-logo.png\",\"width\":512,\"height\":512,\"caption\":\"WLKS KRAKUS SWOSZOWICE\"},\"image\":{\"@id\":\"https:\/\/wlkskrakus.pl\/kolarstwo\/#\/schema\/logo\/image\/\"},\"sameAs\":[\"https:\/\/www.facebook.com\/WLKSKRAKUS\/\"]}]}<\/script>\n<!-- \/ Yoast SEO plugin. -->","yoast_head_json":{"title":"Katarzyna Niewiadoma - WLKS KRAKUS SWOSZOWICE","robots":{"index":"index","follow":"follow","max-snippet":"max-snippet:-1","max-image-preview":"max-image-preview:large","max-video-preview":"max-video-preview:-1"},"canonical":"https:\/\/wlkskrakus.pl\/kolarstwo\/nasi-wychowankowie\/katarzyna-niewiadoma\/","og_locale":"pl_PL","og_type":"article","og_title":"Katarzyna Niewiadoma - WLKS KRAKUS SWOSZOWICE","og_description":"Nasi wychowankowie Kasia Niewiadoma na najwy\u017cszym podium kobiecego Tour De France Katarzyna Niewiadoma Kasia dokona\u0142a czego\u015b niesamowitego. Wygra\u0142a kobiece Tour De France i zosta\u0142a Mistrzyni\u0105 \u015awiata w kolarstwie gravelowym. Zdoby\u0142a \u017c\u00f3\u0142t\u0105 koszulk\u0119 i utrzyma\u0142a j\u0105, pokaza\u0142a, \u017ce dla niej nie ma rzeczy niemo\u017cliwych.&nbsp; Gdzie stawia\u0142a swoje pierwsze kroki? Kiedy zaczyna\u0142a swoj\u0105 przygod\u0119 nikt w sekcji &hellip; Katarzyna Niewiadoma Read More \u00bb","og_url":"https:\/\/wlkskrakus.pl\/kolarstwo\/nasi-wychowankowie\/katarzyna-niewiadoma\/","og_site_name":"WLKS KRAKUS SWOSZOWICE","article_publisher":"https:\/\/www.facebook.com\/WLKSKRAKUS\/","article_modified_time":"2024-09-16T11:21:35+00:00","og_image":[{"url":"https:\/\/wlkskrakus.pl\/kolarstwo\/wp-content\/uploads\/2024\/09\/458499702_18461000068008264_6199841811417953090_n-1024x683.jpg"}],"twitter_card":"summary_large_image","twitter_misc":{"Szacowany czas czytania":"2 minuty"},"schema":{"@context":"https:\/\/schema.org","@graph":[{"@type":"WebPage","@id":"https:\/\/wlkskrakus.pl\/kolarstwo\/nasi-wychowankowie\/katarzyna-niewiadoma\/","url":"https:\/\/wlkskrakus.pl\/kolarstwo\/nasi-wychowankowie\/katarzyna-niewiadoma\/","name":"Katarzyna Niewiadoma - WLKS KRAKUS SWOSZOWICE","isPartOf":{"@id":"https:\/\/wlkskrakus.pl\/kolarstwo\/#website"},"datePublished":"2024-09-12T10:42:50+00:00","dateModified":"2024-09-16T11:21:35+00:00","breadcrumb":{"@id":"https:\/\/wlkskrakus.pl\/kolarstwo\/nasi-wychowankowie\/katarzyna-niewiadoma\/#breadcrumb"},"inLanguage":"pl-PL","potentialAction":[{"@type":"ReadAction","target":["https:\/\/wlkskrakus.pl\/kolarstwo\/nasi-wychowankowie\/katarzyna-niewiadoma\/"]}]},{"@type":"BreadcrumbList","@id":"https:\/\/wlkskrakus.pl\/kolarstwo\/nasi-wychowankowie\/katarzyna-niewiadoma\/#breadcrumb","itemListElement":[{"@type":"ListItem","position":1,"name":"Strona g\u0142\u00f3wna","item":"https:\/\/wlkskrakus.pl\/kolarstwo\/"},{"@type":"ListItem","position":2,"name":"Nasi wychowankowie","item":"https:\/\/wlkskrakus.pl\/kolarstwo\/nasi-wychowankowie\/"},{"@type":"ListItem","position":3,"name":"Katarzyna Niewiadoma"}]},{"@type":"WebSite","@id":"https:\/\/wlkskrakus.pl\/kolarstwo\/#website","url":"https:\/\/wlkskrakus.pl\/kolarstwo\/","name":"WLKS KRAKUS SWOSZOWICE","description":"SEKCJA KOLARSKA","publisher":{"@id":"https:\/\/wlkskrakus.pl\/kolarstwo\/#organization"},"potentialAction":[{"@type":"SearchAction","target":{"@type":"EntryPoint","urlTemplate":"https:\/\/wlkskrakus.pl\/kolarstwo\/?s={search_term_string}"},"query-input":"required name=search_term_string"}],"inLanguage":"pl-PL"},{"@type":"Organization","@id":"https:\/\/wlkskrakus.pl\/kolarstwo\/#organization","name":"WLKS KRAKUS SWOSZOWICE","url":"https:\/\/wlkskrakus.pl\/kolarstwo\/","logo":{"@type":"ImageObject","inLanguage":"pl-PL","@id":"https:\/\/wlkskrakus.pl\/kolarstwo\/#\/schema\/logo\/image\/","url":"https:\/\/wlkskrakus.pl\/kolarstwo\/wp-content\/uploads\/2023\/03\/cropped-logo.png","contentUrl":"https:\/\/wlkskrakus.pl\/kolarstwo\/wp-content\/uploads\/2023\/03\/cropped-logo.png","width":512,"height":512,"caption":"WLKS KRAKUS SWOSZOWICE"},"image":{"@id":"https:\/\/wlkskrakus.pl\/kolarstwo\/#\/schema\/logo\/image\/"},"sameAs":["https:\/\/www.facebook.com\/WLKSKRAKUS\/"]}]}},"_links":{"self":[{"href":"https:\/\/wlkskrakus.pl\/kolarstwo\/wp-json\/wp\/v2\/pages\/2704","targetHints":{"allow":["GET"]}}],"collection":[{"href":"https:\/\/wlkskrakus.pl\/kolarstwo\/wp-json\/wp\/v2\/pages"}],"about":[{"href":"https:\/\/wlkskrakus.pl\/kolarstwo\/wp-json\/wp\/v2\/types\/page"}],"author":[{"embeddable":true,"href":"https:\/\/wlkskrakus.pl\/kolarstwo\/wp-json\/wp\/v2\/users\/5"}],"replies":[{"embeddable":true,"href":"https:\/\/wlkskrakus.pl\/kolarstwo\/wp-json\/wp\/v2\/comments?post=2704"}],"version-history":[{"count":0,"href":"https:\/\/wlkskrakus.pl\/kolarstwo\/wp-json\/wp\/v2\/pages\/2704\/revisions"}],"up":[{"embeddable":true,"href":"https:\/\/wlkskrakus.pl\/kolarstwo\/wp-json\/wp\/v2\/pages\/1930"}],"wp:attachment":[{"href":"https:\/\/wlkskrakus.pl\/kolarstwo\/wp-json\/wp\/v2\/media?parent=2704"}],"curies":[{"name":"wp","href":"https:\/\/api.w.org\/{rel}","templated":true}]}}